 prime factors of l.
2, 31
Suppose 0 = -3*b - 2*b + 10, -b = 3*x - 17. Suppose 0 = x*h - 129 + 29. Suppose 8 = -g + h. What are the prime factors of g?
2, 3
Suppose 5*y + 189 = 4*o, -4*y - 121 = 5*o - 306. Suppose 2*m - 21 = o. Let a = 67 - m. List the prime factors of a.
2, 3
Let b = 411 - 24. List the prime factors of b.
3, 43
Let v(o) = 67*o**2 + 4*o - 19. Let k(b) = -34*b**2 - 2*b + 10. Let f(t) = 11*k(t) + 6*v(t). What are the prime factors of f(2)?
2, 7
Suppose -5*q = -14 - 66. Suppose -n = -2*o + 6, -n + 5*n = -2*o + q. Let t(s) = 2*s**2 - 5*s - 1. List the prime factors of t(o).
11
Let m(z) = -7 - 7*z + z + 0*z + 0*z. List the prime factors of m(-9).
47
Let x(v) = 9*v**2 - 3*v**2 - v**3 + 8*v + 5*v**2 - 4*v**2. Let n be x(8). Suppose n = -4*t + 35 + 77. What are the prime factors of t?
2, 7
Suppose 5 - 2 = k. Suppose 0*v - k*v - g = -18, -4*v - g = -23. Suppose 0 = -v*z + 5*s + 190, -126 = -3*z - 0*z - 3*s. List the prime factors of z.
2, 5
Let t = 469 + -147. List the prime factors of t.
2, 7, 23
Let r(m) = -m - 68*m**2 - m**3 + 141*m**2 + 11 - 66*m**2. What are the prime factors of r(6)?
41
List the prime factors of (-8463)/(-63) + 4/6 + 4.
139
Let p = 3485 - 2437. List the prime factors of p.
2, 131
Let i = 117 - 62. Suppose -3*g = h - 21, 3*g - 5*h - i = -2*g. What are the prime factors of 4/(-3)*(-108)/g?
2, 3
Suppose 4*c - 7470 = 2*o, 11*o = 16*o - 25. What are the prime factors of c?
2, 5, 11, 17
Let b(a) = -7*a**3 - 10*a**2 - 4*a - 9. Let j(x) = -11*x**3 - 15*x**2 - 6*x - 13. Let u(o) = -8*b(o) + 5*j(o). List the prime factors of u(-4).
3, 5
Suppose 4*i - 2*v = 3920, 19*v = 4*i + 15*v - 3928. What are the prime factors of i?
2, 3, 163
List the prime factors of 600/(-30)*(-131)/2.
2, 5, 131
Suppose 1003*k = 1009*k - 6840. What are the prime factors of k?
2, 3, 5, 19
Let s(b) = -9*b + 13. Let f(g) = -2*g + 1. Let y(d) = -6*f(d) + 3*s(d). What are the prime factors of y(-11)?
2, 3, 11
Suppose 3*t + 11 = 41. Let f(h) = 17*h + 13. List the prime factors of f(t).
3, 61
Let j = -43 - -43. Suppose j = -3*b - b, 3*q + 3*b = 369. What are the prime factors of q?
3, 41
Let o = 12 + -20. Let y = o + 9. What are the prime factors of 3 + -4 - y*-15?
2, 7
Suppose a = 6*v - 8*v + 437, 5*a - 25 = 0. What are the prime factors of v?
2, 3
Let s(i) = -i**3 + 20*i**2 - 27*i + 32. What are the prime factors of s(17)?
2, 5, 11
Suppose 5*y - 6 = f - 0*y, 4*f + 3*y + 24 = 0. Let i = 15 + f. Let b = i + 8. List the prime factors of b.
17
Let v be (-37)/(-7) - 12/42. Suppose 3 = v*q - 2*t - 2, 4*t = 3*q - 3. List the prime factors of 9*6 + -3 - q.
2, 5
Let n(z) = -5*z - 29. Let l(i) = 8*i + 43. Let u(q) = -5*l(q) - 7*n(q). Suppose -m + 2 = 10. List the prime factors of u(m).
2, 7
Let v = 37 - -12. Suppose -2*r = 4*c - r - v, 0 = c + 5*r - 17. Suppose -c*o + 51 = -9*o. List the prime factors of o.
17
Suppose -2*l + 2729 = -3*n, -6*n - 9 = -9*n. List the prime factors of l.
37
Let f(v) = v - 25*v**2 - 1 + 46*v**2 - 20*v**2. Let g be -1*(-4)/(8/6). List the prime factors of f(g).
11
Let o = 8 - 11. Let z = o + 3. List the prime factors of z - (-2)/(0 - -1).
2
Let k(z) = z**2 - 6*z + 7. Suppose 1 = 4*a - 19. Let w be k(a). Suppose -24 = -l - w. What are the prime factors of l?
2, 11
Let v(h) = 10*h + 26. What are the prime factors of v(4)?
2, 3, 11
Let o be (4 - (0 + 2)) + (-4 - 4). Let a(l) = l**2 + 16. Let v be a(0). Let c = v + o. What are the prime factors of c?
2, 5
Suppose -4*d + 20568 = -4*c, -5*d + 3*c + 16127 = -9579. List the prime factors of d.
2, 5, 257
Let b = -17 - -25. Let w(p) be the first derivative of 2*p**2 - 9*p + 1. What are the prime factors of w(b)?
23
Let b = 0 - -5. Suppose 2*y + b = 5*k, 0*k + 4*y - 5 = 5*k. Suppose k*o = 2*w + 6*o - 60, -w + 28 = o. List the prime factors of w.
2, 3
Let c(f) = -7*f + 13. Let t be c(2). What are the prime factors of 56/1 - t - (-6 - -6)?
3, 19
Let n(x) = -6*x + x**2 + 0*x**2 + 4 - 3*x - 2. Let c be n(9). Suppose -3*s - a = -132, -a - 1 - c = 0. List the prime factors of s.
3, 5
Suppose -1059 = -25*p + 8066. What are the prime factors of p?
5, 73
Suppose c = 3*c - 2*l - 28, -4*l + 16 = 0. Suppose -i + 12 = -m, 0*m = -4*i - m + 38. Suppose s - p - i = 0, -s + 3*p - c = -4*s. List the prime factors of s.
2
Let s be (-1)/(1 + (-40)/35). Let f(w) = w**2 - 2*w - 13. What are the prime factors of f(s)?
2, 11
Let m(g) = 7*g - 12. Let f be m(5). Let k = f - 19. Let q = k - -38. List the prime factors of q.
2, 3, 7
Suppose 2*j = -56*z + 52*z + 1834, 3*j + 9 = 0. What are the prime factors of z?
2, 5, 23
Suppose 14*b - 19*b = -11895. List the prime factors of b.
3, 13, 61
Let c = 21 + -21. Suppose -4*x - 145 + 589 = c. Suppose -4*y = 2*p - 148, -3*p - x = -3*y + p. What are the prime factors of y?
37
Let t be 2*(-4)/8*4. List the prime factors of (-1)/(14/t) - 439/(-7).
3, 7
Let s(q) = 375*q + 240. What are the prime factors of s(8)?
2, 3, 5
Let t be (-10)/(-45) - 16/(-9). Suppose t*k - 321 = -3*z - 44, 9 = 3*z. What are the prime factors of k?
2, 67
Let k(g) = -6*g - 9. Let s be (-48)/24 - ((-1 - -2) + 0). List the prime factors of k(s).
3
Let s = 1224 - 885. List the prime factors of s.
3, 113
Let f(x) = -x**3 + 6*x**2 - 15*x + 43. Let b be f(4). Let h(o) be the second derivative of o**3/6 + 11*o**2 - o. List the prime factors of h(b).
37
Let l(g) = g**2 - 6*g - 49. What are the prime factors of l(-20)?
3, 157
List the prime factors of (0 + (-1098)/15)/(13/(-65)).
2, 3, 61
Let o = 35 - -13. Suppose -3*k - o = -231. What are the prime factors of k?
61
Let u(b) = b**2 - 10*b + 5. Let c be u(5). List the prime factors of 4*((-215)/c - 4).
3
Let r(z) = 7*z - 11. Let i be r(2). Suppose 0*g = i*g - 255. What are the prime factors of g?
5, 17
Suppose 5*r - 90 = -5*c, 0 = -r - 0*c + 4*c + 18. Suppose 2*m - 41 = u, -r + 46 = m - 2*u. What are the prime factors of m?
2, 3
List the prime factors of (-3224)/(-20)*5/2.
13, 31
Suppose 0 = 4*p - 13 + 1. Suppose -k - 36 = -3*c, p = -2*c + 3*k + 34. Suppose -2*h + 7 = -c. List the prime factors of h.
3
Let c = 1903 - 264. What are the prime factors of c?
11, 149
Let u be 34/14 - (-6 - (-45)/7). Suppose 3*j + u*i - 4*i = 63, 5*i + 21 = j. List the prime factors of j.
3, 7
Let k = 428 - 305. List the prime factors of k.
3, 41
Let u(h) = -14*h + 1. Let k(f) = -9 - 6 + 20 - 71*f. Let s(j) = -2*k(j) + 11*u(j). List the prime factors of s(-2).
5
Suppose -38*k = -1108 - 982. List the prime factors of k.
5, 11
Suppose 28 = 5*f + x, -2*f = -3*x - 1 - 0. Suppose 0 = -s - s + 70. Suppose 2*d = -f*y + 96, -d + s = 3*y - 22. List the prime factors of y.
2, 3
Suppose 14*x + 25*x - 74919 = 0. List the prime factors of x.
17, 113
Let d = 8 + 57. Let s = 121 - d. List the prime factors of s.
2, 7
Suppose -412*s + 135 = -411*s. What are the prime factors of s?
3, 5
Let w = 1488 + -1061. What are the prime factors of w?
7, 61
Let v(t) be the second derivative of 3*t**5/20 - t**4/2 - 4*t**3/3 + 3*t**2 - 2*t. List the prime factors of v(5).
191
Let l(n) = n**2 + 3*n + 1. Let z be l(-5). Let j be (-16)/(-88) - (-9)/z. What are the prime factors of (-26)/j*4/(-8)?
13
Let x(o) = 19*o**3 + o. Let k be x(1). Suppose -r - k = -3*r. What are the prime factors of r?
2, 5
Suppose 8*b - 4*b - 4*x + 52 = 0, -97 = 5*b + 3*x. Suppose 0*d + d = -2*a + 33, -2*a + 8 = 0. Let z = d + b. What are the prime factors of z?
2
What are the prime factors of 790*3*(-5)/(-15)?
2, 5, 79
Let y(i) = i**2 - i - 10*i**2 - 4*i**2 - i**3 - 7. Let z be y(-13). Suppose 10 = z*n - n. List the prime factors of n.
2
Let w be 6/16 + (-28959)/(-24). Suppose 0*u + w = 17*u. What are the prime factors of u?
71
Let z(h) = -6*h + 0*h**2 + 3*h**2 - 3*h**2 - h**2 - 5. Let d be z(-4). Suppose d - 19 = -4*f, l - 42 = -5*f. List the prime factors of l.
2, 11
Let t be 0 - ((-40)/(-4))/(-5). Suppose -5*c + 1647 = z, c - t*z = 98 + 238. List the prime factors of c.
2, 3, 5, 11
Let u(a) = -5*a - 1. Suppose 5*c - 2*g - 15 = 0, -5*c + 2*g + 15 = -2*g. Let s = c - 5. What are the prime factors of u(s)?
3
List the prime factors of 2/(-4) - 23152/(-32).
3, 241
Let f = 25 - 87. Suppose -5*n + 3*i - 201 = -0*n, 0 = i + 3. Let k = n - f. What are the prime factors of k?
2, 5
Suppose -27895 - 87671 = -34*p. List the prime factors of p.
3, 11, 103
Let 